-2*c + 4*z - 279, 2*c + z + 175 = 0. Let a = 29 + c. Let t = -35 - a. What is the tens digit of t?
2
Let u = -1069 - -3053. What is the units digit of u?
4
Let f = -28 - -27. What is the tens digit of -2 + f - 3*-18?
5
Suppose r + 2*u = 3*r - 16, -8 = -r - 3*u. Suppose 4*z - 4 = r. Suppose -o + 151 = z*v, 0*v - o - 49 = -v. What is the units digit of v?
0
Let t = -98 - -186. Let u = -37 + t. What is the units digit of u?
1
Suppose -3*h - 1038 = 3*z, -5*h - 339 + 1723 = -4*z. Let v be z/(-8) - 15/(-20). Suppose 3*d - 1 = v. What is the units digit of d?
5
Let s = -13 - -19. Let v = s - -19. Let a = v - 9. What is the units digit of a?
6
Let g(i) = i**3 + 3*i**2 - 5*i - 1. Let f be g(-4). Suppose 0 = 4*z - 4*c - 132, -5*c = z - 3*c - 42. Suppose f*r = 132 - z. What is the units digit of r?
2
Let i(v) = -v**3 + 10*v**2 - 3*v + 12. Let a be i(9). Let z = 15 - 13. Suppose k + z*k = a. What is the units digit of k?
2
Let z = 14 + -24. Let k = 12 + z. Suppose -2*t = 2*x - 7 - 41, -k*x = -5*t - 62. What is the tens digit of x?
2
Let z(h) = h + 10. Let o be z(-3). Suppose -o = i - 4. Let b(u) = -2*u**3 - 3*u**2 - 4*u - 1. What is the tens digit of b(i)?
3
What is the units digit of ((-59)/2)/(5/(-2) - -2)?
9
Let t = -1066 + 2033. What is the hundreds digit of t?
9
Let j = -153 - -397. What is the units digit of j?
4
Let t(u) = 2*u**2 + 10*u + 8. Let v be t(-4). What is the tens digit of 70/(-3)*(-3 - v)?
7
Let y(r) = -r**2 + 13*r + 3. Suppose 0 = 4*v - 4*l - 34 - 6, -5*v + 53 = -4*l. Let o be y(v). What is the units digit of 1 + (o - (3 + 0))?
1
Suppose 2*g = 4*c + 19 - 57, 3*g = 5*c - 56. Suppose -11 = -0*t + t. Let b = t - g. What is the units digit of b?
6
Let u be (690/(-18) - 1)/(2/(-33)). Suppose -2*y - 3*d = 2*y - u, d = 5*y - 816. What is the tens digit of y?
6
Suppose 312*w + 13984 = 328*w. What is the units digit of w?
4
Let v be (6/3)/1 + 2. Suppose 5*g = v*g. Suppose -5*o + 5*x + 250 = 0, -2*o + 0*o + 4*x + 110 = g. What is the tens digit of o?
4
Suppose -c - 6 = -21. Suppose t + 4*t - c = 0, -5*x - t + 58 = 0. What is the units digit of 255/x - (-14)/(-77)?
3
Suppose 5*f = -2*z - 0*z + 4454, -3*f + 2673 = z. What is the units digit of f?
2
Let m = -1497 - -2806. What is the units digit of m?
9
Suppose j = 5*w - j - 258, -3*w = -j - 154. Suppose -w = -2*k + 4*p, k + k + p = 50. Suppose -5*t = k, 2*g + 4*t = -2*g + 180. What is the tens digit of g?
5
Let q(k) = 3*k**2 - 20*k + 53. What is the tens digit of q(26)?
6
Let p = -158 - -2183. What is the units digit of p?
5
Let q(w) = -6*w + 90. Let t(s) = -2*s + 30. Suppose -50 = 3*u - 3*g + 5*g, -2*g + 34 = -3*u. Let z(j) = u*t(j) + 5*q(j). What is the units digit of z(0)?
0
Let d(y) = 54*y**2 + 189*y - 24. Let q(m) = -11*m**2 - 38*m + 5. Let i(t) = 5*d(t) + 24*q(t). What is the tens digit of i(-6)?
1
Let u(q) = 3*q**2 + 23*q + 14. Let h be u(-7). Let j(t) = -t**2 + 3*t + 16. What is the units digit of j(h)?
6
Suppose -5*y = -4*h - 14705, 28*h = 3*y + 25*h - 8820. What is the hundreds digit of y?
9
Let t = 5 - 3. Let y be t*(2 + 15) + 2. Suppose 15 + y = 3*z. What is the units digit of z?
7
Suppose 4*a + 2 = -n - 38, -4*n = 2*a + 20. Let u = 12 + a. Suppose k - u*q - 30 = 0, 2*q = -0*q - 6. What is the tens digit of k?
2
Let h be (11 - 4) + -4 + 24. Suppose 2*x - x + 6 = -4*j, -3*x + h = -3*j. What is the units digit of x?
6
Let o(i) = i**3 - 30*i**2 - 26*i + 77. What is the tens digit of o(35)?
9
Suppose -6 = 2*l, -26 = -4*j - 2*l + 92. Let a = 5 - 21. Let y = j + a. What is the units digit of y?
5
Let s(k) = -331*k + 255. What is the hundreds digit of s(-8)?
9
Let t(h) = -3*h**2 - 3*h**2 - h**3 - 5*h**2 + 18 - 13*h. What is the tens digit of t(-10)?
4
Suppose -12*g + 6344 = -16024. What is the hundreds digit of g?
8
Suppose 1 + 4 = b. Let y(i) = -3*i + 44. Let s(v) = v - 15. Let x(f) = 17*s(f) + 6*y(f). What is the units digit of x(b)?
4
Let t(k) = -2*k + 3. Let q be t(5). Let a(i) = 2*i + 14. Let n be a(q). Suppose n = 5*d - d - 92. What is the units digit of d?
3
Suppose 16*c - 18*c + 14575 = 5*z, -4*c = -20. What is the hundreds digit of z?
9
Let p(y) = y**2 - 7*y - 12. Let g be p(-5). Let t be (-173)/(-4) - (-36)/g. Suppose -5*j = -4*j - t. What is the units digit of j?
4
Let o be (0/(-2))/(-4)*1. Suppose o = -3*z + 136 + 158. What is the units digit of z?
8
Suppose 5*v = 10, 7*v - 4*v - 1468 = -2*c. What is the units digit of c?
1
Let m = 0 + 74. Suppose -78*i = -m*i - 492. What is the hundreds digit of i?
1
Let s(b) = -b**3 - 5*b**2 - 4*b + 2. Suppose -5*l + 2*f - 5 = 0, 2*f - 6 - 2 = 2*l. Let g be -6 - (-3 - l)/2. What is the units digit of s(g)?
2
Let f be (((-4)/(-12))/(-1))/((-1)/366). Suppose f = u + p, 3*p - 6 = p. What is the tens digit of u?
1
Suppose -3*l = -6901 - 248. What is the hundreds digit of l?
3
Let s(i) be the second derivative of 11*i**3/3 + 43*i**2/2 + 15*i. What is the tens digit of s(8)?
1
What is the tens digit of (-26 - -28)/(-1*6/(-7407))?
6
Let t = 11 + -11. Let a(g) = t + 3 - g - 2. What is the tens digit of a(-9)?
1
Let p(r) be the first derivative of r**4/2 - r**3 - r**2/2 + 2*r + 17. What is the units digit of p(2)?
4
Suppose 3*u + 73*q = 69*q + 15697, 0 = 4*u + q - 20951. What is the tens digit of u?
3
Suppose -4*u + 13*u - 40401 = 0. What is the hundreds digit of u?
4
Let u(v) = 5*v**3 + 3*v**2 - 6*v. Let q be u(2). Let x = -15 + q. What is the tens digit of x?
2
Let i(f) = -f**2 - 61*f - 12. What is the tens digit of i(-32)?
1
Let f(p) = -2*p - 21. Let v be f(-14). Suppose -v = -q + 14. Suppose -m + q - 4 = 0. What is the units digit of m?
7
Let n(a) = -a**2 - 2*a - 1. Let z be n(-2). Let h(v) = -2*v**3 + v**2 + v. Let u be h(z). Suppose 10*x = 8*x + u. What is the units digit of x?
1
Let p = 36 - 17. Let i(x) = -4*x + 13. Let k be i(4). What is the tens digit of p - k/4*-4?
1
Let i(a) = 2*a**2 - 19*a - 41. Let t(r) = -11*r - 71. Let c be t(-8). What is the units digit of i(c)?
4
Let b(f) = f + 3. Let o be b(-2). Let l(h) be the third derivative of 59*h**5/60 + h**3/6 - 25*h**2. What is the units digit of l(o)?
0
Let y(j) = j**2 - 12*j - 9. Let m be y(14). Suppose -123 = -f - m. Suppose 0*c + f = 2*c. What is the tens digit of c?
5
Let l(q) = -2*q**3 - 3*q**2 + 2*q - 4. Let p be l(-4). Suppose -2*y + p = -0*y - 4*k, 3*y = -2*k + 86. What is the tens digit of (0 + y)/((-21)/(-14))?
2
Let q(j) = j + 1. Let d(w) = -w**2 + 7*w - 7. Let h(t) = d(t) + 3*q(t). Let y be 3 + 1 + 3 + 1 - 0. What is the tens digit of h(y)?
1
Suppose 0 = 4*p + 5*u + 12 - 41, -5*p - 4*u + 25 = 0. What is the units digit of p - (-2 + -53 + -2)?
8
Suppose 0 = 4*h - 5*m + 21, 7*h - 3*h + 2*m = -14. Let u(t) = 5*t**2 + 2*t - 3. What is the tens digit of u(h)?
6
Let h = -211 + 160. Let t be (3/2)/(6/32). What is the tens digit of (6 - t)/(6/h)?
1
Suppose -d = -2*g - 597, -5*g + 4*g + 597 = d. What is the units digit of d?
7
Let v = 1139 + -371. Suppose 22*i = 16*i + v. What is the tens digit of i?
2
Suppose b + 3 = 4. What is the tens digit of b*(-195)/(-20)*4?
3
Suppose -4*b + 5*u + 610 = 0, 5*b + 2*u = -3*u + 740. What is the units digit of b?
0
Let x(w) = w**3 - 3*w**2 + 4*w. Let d be x(3). Let b(o) = o**2 - 15*o + 17. Let p be b(d). What is the tens digit of (-3 - p)*(-3)/(-2)?
2
Let n(f) = f**3 - 6*f**2 + f + 2. Let c be n(7). Let r = 170 - c. Let t = r - 75. What is the units digit of t?
7
Let l = 1651 - 673. What is the units digit of l?
8
Suppose 3*u = -4*u + 84. Let p(m) = -m + 4. Let h be p(0). Let r = u - h. What is the units digit of r?
8
What is the thousands digit of (-10 + -830)/15*370/(-8)?
2
Let c = -14 - -14. Suppose c = 5*s + 130 - 420. What is the tens digit of s?
5
Suppose -4*n = -2*h - 12, 4*h - 6 = 2*n - 0. Suppose 0 = 2*r - 7*r + 3*b + 226, -n*b + 109 = 2*r. What is the tens digit of r?
4
Let z = 1318 + -684. Suppose 4*y - 334 = z. What is the tens digit of y?
4
Let b(i) = 2*i**2 - 3*i + 4. Suppose -d + 5 = -5*u + 4*d, -2*d - 28 = 3*u. What is the units digit of b(u)?
4
Let n = -153 + 64. Let u = -59 - n. What is the units digit of u?
0
Let v(h) = h**3 + 14*h**2 - 7*h - 1. Let x be v(-13). Suppose -3*m + x = 25. What is the tens digit of m?
7
Let s(f) = -68*f + 194. What is the units digit of s(-7)?
0
Let y be 8/2 - (-24)/(-12). Suppose -3*j = 5*a + 14, 10 = -